c - 264*c = 4304967 - 756056. Is c a prime number?
False
Let r(w) = 35*w**3 + w**2 - 9*w + 122. Let x be r(11). Is x + (-5 - (3 - 2)) a prime number?
True
Suppose 166 = -j + 164. Let y(x) = -1139*x**3 + 9*x**2 + 13*x + 9. Is y(j) a prime number?
False
Let r = 3589 + -8069. Let w = -3117 - r. Is w a composite number?
True
Suppose 0 = -27*h + 384443 + 45856. Is h prime?
True
Let q(u) = 48*u - 102. Let y be q(-17). Let p = -377 - y. Is p a composite number?
False
Let d(t) = -19 + 199*t + 205*t + 26. Is d(3) prime?
False
Suppose -95*p = -97*p + 28. Suppose -22840 - 84442 = -p*i. Is i composite?
True
Is (-30955176)/(-32) + (2/8)/(10/(-10)) a composite number?
False
Suppose 0 = 4*v - 16, -3*v + 9 + 3 = 2*j. Suppose 0 = 4*n - 3*n - 2*a - 9411, -3*n + 5*a + 28234 = j. Is n a prime number?
True
Let a = 416 - 391. Suppose -199270 = -13*i + 8*i + 3*y, 0 = -5*y + a. Is i composite?
False
Suppose 25 = -5*l - 5. Let g be (l/9)/(4/(-18)). Suppose 2*m - g*v - 2215 = 0, -3*m + 4941 - 1581 = 3*v. Is m prime?
False
Suppose c - 1 = -2*k, -4*k = -5*c + 9*c - 12. Suppose -614 = -5*f + 1621. Suppose 2*j = c*n + f, 4*j = -n - 78 + 917. Is j prime?
True
Suppose 88*l + 3*o = 92*l - 507686, 126913 = l - 5*o. Is l a composite number?
False
Let s(x) = -5*x - 78. Let p be s(-16). Let q(f) = 77*f + 1 + 4 - 2. Is q(p) a prime number?
True
Suppose -4*w + 7*w = -w. Suppose w = 4*c - 5*c + 3377. Is c prime?
False
Let f(o) be the second derivative of o**5/10 + o**4/12 - 2*o**3/3 - 5*o**2/2 - 4*o. Let i be f(7). Let k = i + -323. Is k prime?
True
Suppose -4*z - r = -z - 57447, 2*z - 5*r = 38332. Is z composite?
True
Suppose 15*b - 7157 = 32248. Is 0*(-10)/(-50) + b composite?
True
Let f = -2460 + 4839. Let w = -1253 + f. Is w a composite number?
True
Let o be 2/5 - 21/(840/(-7904)). Is (662/9)/(44/o) composite?
False
Let r(i) = i**2 + 3 + 108*i**3 + 1 - 7. Let v(x) = 18*x + 56. Let j be v(-3). Is r(j) a composite number?
True
Suppose 0 = -3*r - p + 18, -26*r + 2*p = -29*r + 21. Is -2 - r/(5/(-33)) a prime number?
True
Suppose -35*p - 35*p - 4*p = -67118. Let i(q) = q**3 - 6*q**2 - 7*q. Let l be i(7). Suppose w - 4*w + p = v, l = -w. Is v composite?
False
Let q = 35669 + 27270. Is q a prime number?
True
Let s(t) = -9*t - 2. Let z be s(1). Let h be (-8439)/z + (-4)/22. Suppose -3*g = 2*l - h, 3*l = 4*g + 5*l - 1026. Is g a composite number?
True
Suppose -115*y - 233529 = -3*c - 118*y, 0 = -6*c - 3*y + 467076. Is c composite?
False
Let x = 1585 + -497. Let p = 2747 - x. Suppose -8*t + 9245 + p = 0. Is t a prime number?
False
Suppose -2*j = 3*k - 187207, 2*k = 7*j - 11*j + 124810. Is k composite?
False
Is ((-6)/9)/((-56)/740796) a composite number?
False
Let d(b) = 11179*b + 2878. Is d(3) a composite number?
True
Suppose -3693*n = -3684*n + 1261994 - 4635905. Is n composite?
False
Let k(u) = 7*u**3 - 10*u**2 - 10*u - 8. Let m(r) = -6*r**3 + 10*r**2 + 9*r + 7. Let i(t) = 5*k(t) + 6*m(t). Let s be i(10). Let y = 129 - s. Is y prime?
False
Suppose -14*k + 598172 + 1826779 + 1867435 = 0. Is k prime?
False
Let d(o) = -29*o**2 + 6. Let z(h) = -h**2 + h. Let b(m) = -d(m) - 2*z(m). Let j be b(-2). Suppose -5*g + j = -1553. Is g a prime number?
False
Let g(d) = d**2 - 4*d - 19. Let v be g(7). Suppose 2*t = v*u - 4061 - 8359, 5 = 5*t. Is u prime?
True
Let u(b) = -661*b**3 - 42*b**2 - 134*b - 8. Is u(-3) a prime number?
True
Is 8 + -8 + 188035 + 4 a composite number?
True
Let x(l) = -l**3 + 152*l**2 - 356*l - 974. Is x(141) composite?
False
Let f(l) = -11*l + 79. Let t be f(7). Suppose 5*r = -t*j + 22032, 0*r - 13213 = -3*r + 5*j. Is r composite?
True
Let t(a) be the third derivative of 5*a**4/4 + 25*a**3/6 + a**2 + 41. Let r(h) = -h. Let w be r(-7). Is t(w) composite?
True
Let f(s) = s**3 - 2*s**2 - 3*s + 4. Let x be f(3). Suppose -45*z + 21560 = -37*z. Suppose x*y = 2325 + z. Is y composite?
True
Is 1*((-173749)/(-3) + (-58)/(-87)) a composite number?
False
Let a(j) = -91*j**2 + 3*j - 32. Let l be a(4). Let n = -725 - l. Is n prime?
True
Suppose 0 = -8*y + 43 - 11. Suppose 5393 + 1155 = y*s. Is s prime?
True
Suppose -4*t = -2*q + 64280, -2*q - 4*t = -6*q + 128564. Suppose 2*h = -4*s + q, -5*s - h - 11482 = -51658. Is s a composite number?
True
Suppose 2*g + 17 = 3*m, -4*g = -4*m - 7*g. Let p be 140/20 + 3/(-1). Suppose p*o + 6459 = 3*b + m*o, -4306 = -2*b + 3*o. Is b prime?
True
Suppose 0 = -5*s - 3*s + 7680. Let o = s - 432. Let g = -281 + o. Is g prime?
False
Suppose -3*s + 2*r = -116889, 0 = -r - 101 + 95. Is s composite?
False
Suppose -213*b = -217*b + 1468. Suppose -50 = l - b. Is l a composite number?
False
Let f(b) = 475*b**2 - 166*b - 818. Is f(-5) composite?
False
Let k(a) = -4*a - 8. Let v be k(-2). Suppose -2*y - 2*y + 16 = v. Suppose -y*q = -2*h - 2356, -2*q + 4*h = 3*q - 2951. Is q composite?
False
Is 60521 + ((-6)/4)/((-9)/(-36)) - -6 prime?
True
Let t = 21 - -3. Let a = 39 - t. Is (-9)/a + (-3076)/(-10) prime?
True
Suppose -4*o + 3*b = -14292, 6*b - 3*b - 12 = 0. Let y = o + -1937. Is y a composite number?
True
Let j(q) = 12*q**2 + 22*q + 29. Is j(-19) composite?
False
Let r(v) = -4*v**3 - 3*v**2 + 48*v - 7. Let f(m) = -m**2 - 14*m + 108. Let t be f(6). Is r(t) a composite number?
False
Suppose -4*c = 5*b - 65352, c - 2*b + b = 16329. Let j be (-1 + c)/(-2)*66/(-99). Suppose -k = 3*k - j. Is k prime?
True
Let i = 402739 + -136848. Is i a prime number?
True
Suppose -k - 4*c + 81725 = 0, 3*c - 326848 = -53*k + 49*k. Is k prime?
False
Suppose x + 3 = 0, 33*b = 30*b - 4*x - 24. Is (-12273)/b*1/(12/16) prime?
True
Let d = 112296 - 11075. Is d a prime number?
True
Let k = -22353 + 39690. Is k a prime number?
False
Let z = -102 - -107. Let n(h) be the first derivative of -h**3/3 + 11*h**2/2 - 4*h + 6. Is n(z) a prime number?
False
Let t be (-100 - -104) + (0 - 6). Is ((-7)/t - 4)*2503*-2 composite?
False
Suppose 3*t - 18 - 18 = 0. Let r(k) = -k**3 + 17*k**2 - 31*k + 25. Is r(t) a composite number?
False
Suppose 3*r + 4*b - 18 = 0, 20 = 5*b + 5. Suppose 2*y = 2, -r*w - 5*y - 31879 = -6*w. Is w a composite number?
True
Let t(j) = -3*j**3 - 10*j + 8*j + 21 + 8*j**3 + 14*j - 18*j**2. Is t(14) a prime number?
False
Suppose 0 = 5*k - m - 1501382, -3*k + 6*k + 4*m = 900843. Is k a composite number?
False
Let d(a) = -a**3 - 2*a**2 - 3*a - 2. Let v be d(-2). Suppose 0 = x - 9 + v. Suppose -x*y + 2373 = -13622. Is y prime?
False
Suppose 8*s = 5*s + 15, -4*h - 2*s + 18 = 0. Suppose 0 = m - c + h*c + 2396, -3*m + c = 7196. Let i = m - -3549. Is i a prime number?
True
Suppose g - 2 = -3, 4*o + 5*g = 231207. Is o composite?
False
Suppose -5*d + 15 = -5*u, 4*d + 2*u + 6 = -d. Suppose 5*b - 4*b - 353 = d. Is b/(-1 + (-1 - -3)) a composite number?
False
Let i = -190909 - -288408. Is i prime?
True
Let z(b) = 12*b + 2513. Is z(-23) a composite number?
False
Let q(m) = 240*m**3 - 3*m**2 - 62*m + 249. Is q(4) composite?
False
Suppose 3*o - 5*u - 27309 = 0, -u = -4*o - 2*u + 36435. Suppose 4*j = 5*j + o. Is (-1)/(-5 + j/(-1822)) a prime number?
True
Let d(k) = 450*k**3 + 12*k**2 - 48*k + 247. Is d(8) composite?
False
Let d(p) = p**3 - 40*p**2 - 3*p - 257. Is d(55) a composite number?
False
Let i(f) = 2*f**2 - 4*f. Suppose -3 = 2*d - 9. Let j be i(d). Is (6315/(-6) + 1)*(-4)/j a prime number?
True
Suppose -p - 2*a = 0, -4*p - p = 3*a. Suppose n + 230 + 6 = p. Let t = n - -647. Is t a composite number?
True
Let u(w) be the second derivative of 7*w**6/180 - 13*w**5/120 + w**4/3 + w**3 + w. Let g(p) be the second derivative of u(p). Is g(-9) a composite number?
False
Suppose 10*j - 356989 = 23281. Suppose -5*h + 4*g + j + 17054 = 0, -4*g = 3*h - 33055. Is h prime?
False
Let g = 160780 - 2751. Is g a composite number?
False
Let s = -829604 + 1285797. Is s prime?
True
Let b = 466 - -163. Suppose 4*v + 121 = b. Is v a composite number?
False
Let k(n) be the third derivative of 269*n**6/120 + n**5/10 - 5*n**4/12 - n**3/2 + 34*n**2. Is k(2) prime?
True
Let c(t) = -9*t**2 + 9*t - 12. Let r(w) = w**3 + 4*w**2 + w - 4. Let q be r(-4). Let a be c(q). Let k = -203 - a. Is k a composite number?
False
Let v = 16019 + -12829. Suppose -2 = -4*q + 14. Suppose -j = -5*j - 20, 5*h - v = q*j. Is h a prime number?
False
Suppose -5*q + 2*q - 3991952 = -19*q. Is q a prime number?
True
Suppose 5*k + 3*p - 21953 = -0*p, -3 = -3